{"id":154,"date":"2024-07-12T13:11:51","date_gmt":"2024-07-12T13:11:51","guid":{"rendered":"https:\/\/csnet-conference.org\/2024\/?page_id=154"},"modified":"2024-11-21T21:10:36","modified_gmt":"2024-11-21T21:10:36","slug":"keynotes","status":"publish","type":"page","link":"https:\/\/csnet-conference.org\/2024\/keynotes\/","title":{"rendered":"Keynotes"},"content":{"rendered":"\n<h2 class=\"wp-block-heading\"><strong><mark style=\"background-color:rgba(0, 0, 0, 0)\" class=\"has-inline-color has-vivid-cyan-blue-color\">CSNet 2024 Keynotes&nbsp;<\/mark><\/strong><\/h2>\n\n\n\n<p><strong><mark style=\"background-color:rgba(0, 0, 0, 0)\" class=\"has-inline-color has-vivid-cyan-blue-color\">Keynote #1<\/mark><\/strong><\/p>\n\n\n\n<p><strong>Title:\u00a0<strong>AI-native 6G networks: security needs<\/strong><\/strong><\/p>\n\n\n\n<p><strong>Abstract:\u00a0<\/strong>What does it mean that 6G networks will be AI-native? How to secure future networks? Could AI be a valuable asset for cybersecurity? Is an AI-driven cybersecurity solution vulnerable? This talk answers these questions through a sketch between two security experts: one presenting a vision on realizing AI-empowered security management solutions for next generation networks, the other challenging the solutions and recommending AI cybersecurity counter-measures.<\/p>\n\n\n\n<p class=\"has-text-align-center\"><div class=\"row listeCommitee\"><div class=\"col-lg-12\"><img decoding=\"async\" src=\"https:\/\/csnet-conference.org\/2024\/wp-content\/uploads\/2024\/11\/1516305038444.jpg\" class=\"img-rounded imageCommitee\" alt=\"Dhouha Ayed - CSNet 2024\"><p><b>Dhouha Ayed<\/b><br>(Thales, France)<\/p><\/div><\/div><\/p>\n\n\n\n<p><strong>Bio:\u00a0<\/strong><em><strong>Dhouha Ayed <\/strong>is a globally recognized expert in 5G and systems security with over 17 years of experience at Thales. Her academic background includes a PhD from T\u00e9l\u00e9com Sud-Paris in 2005, an M.Sc., and an engineering degree in Computer Science. Prior to Thales, her research experience at Katholieke University of Leuven further solidified her foundation. As the technical coordinator of numerous European research projects, Dhouha has honed her expertise in designing cutting-edge security solutionsfor systems and future networks. Her leadership extends beyond research, as she actively participates in shaping the field through European working groups and standardization bodies like ETSI ZSM. Dhouha&#8217;s commitment to innovation continues at Thales&#8217; new cortAIx laboratory, where she delves into the critical challenges facing future networks with the power of Artificial Intelligence.<\/em><\/p>\n\n\n\n<p class=\"has-text-align-center\"><div class=\"row listeCommitee\"><div class=\"col-lg-12\"><img decoding=\"async\" src=\"https:\/\/csnet-conference.org\/2024\/wp-content\/uploads\/2024\/11\/images.jpg\" class=\"img-rounded imageCommitee\" alt=\"Katarzyna Kapusta - CSNet 2024\"><p><b>Katarzyna Kapusta<\/b><br>(Thales, France)<\/p><\/div><\/div><\/p>\n\n\n\n<p><strong>Bio:\u00a0<\/strong><em><strong>Katarzyna Kapusta<\/strong> is a research engineer in cybersecurity at the Thales CortAIx Labs. She holds a PhD (2018) and M.Sc. (2014) degrees in Computer Science both from T\u00e9l\u00e9com Paris (Paris, France), as well as a M.Sc. (2014) in Telecommunications from AGH University of Science and Technology (Cracow, Poland). Her research interests include data security, with a focus on data protection in distributed environments and security of Machine Learning. Currently, she is involved in PAROMA-MED and EDF STORE projects, where she provides her expertise on topics related to machine learning watermarking and secure federated learning. She is an active contributor to European standardization groups (ETSI Technical Committee Securing Artificial Intelligence, CEN\/CENELEC WG\u20195) on the topic of secure Artificial Intelligence.<\/em><\/p>\n\n\n\n<hr class=\"wp-block-separator has-alpha-channel-opacity\"\/>\n\n\n\n<p><strong><mark style=\"background-color:rgba(0, 0, 0, 0)\" class=\"has-inline-color has-vivid-cyan-blue-color\">Keynote #2<\/mark><\/strong><\/p>\n\n\n\n<p><strong>Title:&nbsp;&nbsp;Self-sovereign Identity: a solid technology that meets the requirements of national digital identity management systems<\/strong><\/p>\n\n\n\n<p><strong>Abstract:&nbsp;<\/strong>Nations are becoming increasingly interested in national digital identity management systems, especially since Covid-19, for mitigating frauds and providing electronic trust services. Several legislations are being introduced around the world, e.g. the eIDAS legislation in Europe, the Aadhaar Act in India. While identity management systems should facilitate electronic procedures and certain interactions, they must not undermine the privacy of individuals. The whole ecosystem is complex, with major issues at stake in terms of sovereignty, the economy and society as a whole.&nbsp;<\/p>\n\n\n\n<p>In this presentation, we will introduce the principles and motivations behind Self-Sovereign Identities (SSI), and show that SSIs have specific properties that can meet the needs of nations in managing national digital identities.<\/p>\n\n\n\n<p class=\"has-text-align-center\"><div class=\"row listeCommitee\"><div class=\"col-lg-12\"><img decoding=\"async\" src=\"https:\/\/csnet-conference.org\/2024\/wp-content\/uploads\/2024\/10\/Maryline-Laurent.jpeg\" class=\"img-rounded imageCommitee\" alt=\"Maryline Laurent - CSNet 2024\"><p><b>Maryline Laurent<\/b><br>(Full professor, T\u00e9l\u00e9com SudParis, France)<\/p><\/div><\/div><\/p>\n\n\n\n<p><strong>Bio:&nbsp;<\/strong><em><strong>Maryline Laurent<\/strong>, PhD, works as a Full Professor at T\u00e9l\u00e9com SudParis, Institut Polytechnique de Paris, France. She is head of the networks and cybersecurity department at T\u00e9l\u00e9com SudParis and co-founder of the Institut Mines-T\u00e9l\u00e9com&#8217;s &#8220;Values and policies of personal data&#8221; chair. She represents France on the IFIP TC11 committee on security and privacy. Her research focuses on cybersecurity and privacy, with a particular emphasis on privacy-enhancing technologies (PETs), for digital identity management services, the Internet of Things and cloud environments.<\/em><\/p>\n\n\n\n<hr class=\"wp-block-separator has-alpha-channel-opacity\"\/>\n\n\n\n<p><strong><mark style=\"background-color:rgba(0, 0, 0, 0)\" class=\"has-inline-color has-vivid-cyan-blue-color\">Keynote #3<\/mark><\/strong><\/p>\n\n\n\n<p><strong>Title:&nbsp;&nbsp;AI for biometrics&nbsp;<\/strong><\/p>\n\n\n\n<p><strong>Abstract:&nbsp;<\/strong>Biometrics has for objective the identification of individuals or their identity verification for cybersecurity purposes such as authentication. Using AI in such systems is not new for attacks or countermeasures. The fast evolution of Deep Neural Networks (DNN) for biometrics brings new trends, some of them are directly inherited by these models. This keynote has for main goal to illustrate the main issues for building cybersecurity solutions in biometrics. Practical applications will be given.<\/p>\n\n\n\n<p class=\"has-text-align-center\"><div class=\"row listeCommitee\"><div class=\"col-lg-12\"><img decoding=\"async\" src=\"https:\/\/csnet-conference.org\/2024\/wp-content\/uploads\/2024\/11\/Christophe-Rosenberger-1-500x500.png\" class=\"img-rounded imageCommitee\" alt=\"Christophe Rosenberger - CSNet 2024\"><p><b>Christophe Rosenberger<\/b><br>(Full Professor in computer science at ENSICAEN - Director of the GREYC research lab, France)<\/p><\/div><\/div><\/p>\n\n\n\n<p><strong>Bio:&nbsp;<\/strong><em><strong>Christophe Rosenberger<\/strong> obtained his PhD in Information Technology from the University of Rennes 1 in 1999. His PhD thesis work was undertaken at ENSSAT in Lannion between 1996 and 1999 in the field of hyperspectral image processing. He joined the ENSI de Bourges school of engineering in Bourges (known now as INSA Centre Val de Loire) as associate professor in 2000. In 2007, he joined the ENSICAEN school of engineering in Caen as full professor. He is actually director of the GREYC research lab composed of 180 members. He belongs to the SAFE (Security, Architecture, Forensics, biomEtrics) research group in the GREYC research lab. His current work focuses in the domain of cybersecurity, in particular research activities in biometrics (keystroke dynamics, soft biometrics, evaluation of biometric systems, fingerprint quality assessment&#8230;) and digital forensics. He has authored or co-authored over 200 international publications and co-supervised 25 PhD thesis.&nbsp;<\/em><\/p>\n","protected":false},"excerpt":{"rendered":"<p>CSNet 2024 Keynotes&nbsp; Keynote #1 Title:\u00a0AI-native &hellip; <a href=\"https:\/\/csnet-conference.org\/2024\/elika_speaker\/christophe-rosenberger\/\">Continue reading <span class=\"meta-nav\">&rarr;<\/span><\/a><\/p>\n","protected":false},"author":1,"featured_media":0,"parent":0,"menu_order":0,"comment_status":"closed","ping_status":"closed","template":"","meta":{"footnotes":""},"class_list":["post-154","page","type-page","status-publish","hentry"],"yoast_head":"<!-- This site is optimized with the Yoast SEO plugin v22.0 - https:\/\/yoast.com\/wordpress\/plugins\/seo\/ -->\n<title>Keynotes - CSNet 2024<\/title>\n<meta name=\"robots\" content=\"index, follow, max-snippet:-1, max-image-preview:large, max-video-preview:-1\" \/>\n<link rel=\"canonical\" href=\"https:\/\/csnet-conference.org\/2024\/keynotes\/\" \/>\n<meta property=\"og:locale\" content=\"en_US\" \/>\n<meta property=\"og:type\" content=\"article\" \/>\n<meta property=\"og:title\" content=\"Keynotes - CSNet 2024\" \/>\n<meta property=\"og:description\" content=\"CSNet 2024 Keynotes&nbsp; Keynote #1 Title:\u00a0AI-native &hellip; Continue reading &rarr;\" \/>\n<meta property=\"og:url\" content=\"https:\/\/csnet-conference.org\/2024\/keynotes\/\" \/>\n<meta property=\"og:site_name\" content=\"CSNet 2024\" \/>\n<meta property=\"article:modified_time\" content=\"2024-11-21T21:10:36+00:00\" \/>\n<meta name=\"twitter:card\" content=\"summary_large_image\" \/>\n<meta name=\"twitter:label1\" content=\"Est. reading time\" \/>\n\t<meta name=\"twitter:data1\" content=\"4 minutes\" \/>\n<script type=\"application\/ld+json\" class=\"yoast-schema-graph\">{\"@context\":\"https:\/\/schema.org\",\"@graph\":[{\"@type\":\"WebPage\",\"@id\":\"https:\/\/csnet-conference.org\/2024\/keynotes\/\",\"url\":\"https:\/\/csnet-conference.org\/2024\/keynotes\/\",\"name\":\"Keynotes - CSNet 2024\",\"isPartOf\":{\"@id\":\"https:\/\/csnet-conference.org\/2024\/#website\"},\"datePublished\":\"2024-07-12T13:11:51+00:00\",\"dateModified\":\"2024-11-21T21:10:36+00:00\",\"breadcrumb\":{\"@id\":\"https:\/\/csnet-conference.org\/2024\/keynotes\/#breadcrumb\"},\"inLanguage\":\"en-US\",\"potentialAction\":[{\"@type\":\"ReadAction\",\"target\":[\"https:\/\/csnet-conference.org\/2024\/keynotes\/\"]}]},{\"@type\":\"BreadcrumbList\",\"@id\":\"https:\/\/csnet-conference.org\/2024\/keynotes\/#breadcrumb\",\"itemListElement\":[{\"@type\":\"ListItem\",\"position\":1,\"name\":\"Home\",\"item\":\"https:\/\/csnet-conference.org\/2024\/\"},{\"@type\":\"ListItem\",\"position\":2,\"name\":\"Keynotes\"}]},{\"@type\":\"WebSite\",\"@id\":\"https:\/\/csnet-conference.org\/2024\/#website\",\"url\":\"https:\/\/csnet-conference.org\/2024\/\",\"name\":\"CSNet 2024\",\"description\":\"8th Cyber Security in Networking Conference\",\"publisher\":{\"@id\":\"https:\/\/csnet-conference.org\/2024\/#organization\"},\"potentialAction\":[{\"@type\":\"SearchAction\",\"target\":{\"@type\":\"EntryPoint\",\"urlTemplate\":\"https:\/\/csnet-conference.org\/2024\/?s={search_term_string}\"},\"query-input\":\"required name=search_term_string\"}],\"inLanguage\":\"en-US\"},{\"@type\":\"Organization\",\"@id\":\"https:\/\/csnet-conference.org\/2024\/#organization\",\"name\":\"CSNet 2024\",\"url\":\"https:\/\/csnet-conference.org\/2024\/\",\"logo\":{\"@type\":\"ImageObject\",\"inLanguage\":\"en-US\",\"@id\":\"https:\/\/csnet-conference.org\/2024\/#\/schema\/logo\/image\/\",\"url\":\"https:\/\/csnet-conference.org\/2024\/wp-content\/uploads\/2024\/02\/cropped-csnet_logo_2024-01.png\",\"contentUrl\":\"https:\/\/csnet-conference.org\/2024\/wp-content\/uploads\/2024\/02\/cropped-csnet_logo_2024-01.png\",\"width\":500,\"height\":500,\"caption\":\"CSNet 2024\"},\"image\":{\"@id\":\"https:\/\/csnet-conference.org\/2024\/#\/schema\/logo\/image\/\"}}]}<\/script>\n<!-- \/ Yoast SEO plugin. -->","yoast_head_json":{"title":"Keynotes - CSNet 2024","robots":{"index":"index","follow":"follow","max-snippet":"max-snippet:-1","max-image-preview":"max-image-preview:large","max-video-preview":"max-video-preview:-1"},"canonical":"https:\/\/csnet-conference.org\/2024\/keynotes\/","og_locale":"en_US","og_type":"article","og_title":"Keynotes - CSNet 2024","og_description":"CSNet 2024 Keynotes&nbsp; Keynote #1 Title:\u00a0AI-native &hellip; Continue reading &rarr;","og_url":"https:\/\/csnet-conference.org\/2024\/keynotes\/","og_site_name":"CSNet 2024","article_modified_time":"2024-11-21T21:10:36+00:00","twitter_card":"summary_large_image","twitter_misc":{"Est. reading time":"4 minutes"},"schema":{"@context":"https:\/\/schema.org","@graph":[{"@type":"WebPage","@id":"https:\/\/csnet-conference.org\/2024\/keynotes\/","url":"https:\/\/csnet-conference.org\/2024\/keynotes\/","name":"Keynotes - CSNet 2024","isPartOf":{"@id":"https:\/\/csnet-conference.org\/2024\/#website"},"datePublished":"2024-07-12T13:11:51+00:00","dateModified":"2024-11-21T21:10:36+00:00","breadcrumb":{"@id":"https:\/\/csnet-conference.org\/2024\/keynotes\/#breadcrumb"},"inLanguage":"en-US","potentialAction":[{"@type":"ReadAction","target":["https:\/\/csnet-conference.org\/2024\/keynotes\/"]}]},{"@type":"BreadcrumbList","@id":"https:\/\/csnet-conference.org\/2024\/keynotes\/#breadcrumb","itemListElement":[{"@type":"ListItem","position":1,"name":"Home","item":"https:\/\/csnet-conference.org\/2024\/"},{"@type":"ListItem","position":2,"name":"Keynotes"}]},{"@type":"WebSite","@id":"https:\/\/csnet-conference.org\/2024\/#website","url":"https:\/\/csnet-conference.org\/2024\/","name":"CSNet 2024","description":"8th Cyber Security in Networking Conference","publisher":{"@id":"https:\/\/csnet-conference.org\/2024\/#organization"},"potentialAction":[{"@type":"SearchAction","target":{"@type":"EntryPoint","urlTemplate":"https:\/\/csnet-conference.org\/2024\/?s={search_term_string}"},"query-input":"required name=search_term_string"}],"inLanguage":"en-US"},{"@type":"Organization","@id":"https:\/\/csnet-conference.org\/2024\/#organization","name":"CSNet 2024","url":"https:\/\/csnet-conference.org\/2024\/","logo":{"@type":"ImageObject","inLanguage":"en-US","@id":"https:\/\/csnet-conference.org\/2024\/#\/schema\/logo\/image\/","url":"https:\/\/csnet-conference.org\/2024\/wp-content\/uploads\/2024\/02\/cropped-csnet_logo_2024-01.png","contentUrl":"https:\/\/csnet-conference.org\/2024\/wp-content\/uploads\/2024\/02\/cropped-csnet_logo_2024-01.png","width":500,"height":500,"caption":"CSNet 2024"},"image":{"@id":"https:\/\/csnet-conference.org\/2024\/#\/schema\/logo\/image\/"}}]}},"_links":{"self":[{"href":"https:\/\/csnet-conference.org\/2024\/wp-json\/wp\/v2\/pages\/154","targetHints":{"allow":["GET"]}}],"collection":[{"href":"https:\/\/csnet-conference.org\/2024\/wp-json\/wp\/v2\/pages"}],"about":[{"href":"https:\/\/csnet-conference.org\/2024\/wp-json\/wp\/v2\/types\/page"}],"author":[{"embeddable":true,"href":"https:\/\/csnet-conference.org\/2024\/wp-json\/wp\/v2\/users\/1"}],"replies":[{"embeddable":true,"href":"https:\/\/csnet-conference.org\/2024\/wp-json\/wp\/v2\/comments?post=154"}],"version-history":[{"count":7,"href":"https:\/\/csnet-conference.org\/2024\/wp-json\/wp\/v2\/pages\/154\/revisions"}],"predecessor-version":[{"id":329,"href":"https:\/\/csnet-conference.org\/2024\/wp-json\/wp\/v2\/pages\/154\/revisions\/329"}],"wp:attachment":[{"href":"https:\/\/csnet-conference.org\/2024\/wp-json\/wp\/v2\/media?parent=154"}],"curies":[{"name":"wp","href":"https:\/\/api.w.org\/{rel}","templated":true}]}}